{"id":520,"date":"2024-12-05T17:29:32","date_gmt":"2024-12-05T16:29:32","guid":{"rendered":"http:\/\/cg-mossautal.de\/?page_id=520"},"modified":"2024-12-05T17:29:32","modified_gmt":"2024-12-05T16:29:32","slug":"spenden","status":"publish","type":"page","link":"http:\/\/cg-mossautal.de\/?page_id=520","title":{"rendered":"Spenden"},"content":{"rendered":"\n<p>Spenden an den Verein<\/p>\n\n\n\n<p>Wir wirken aktiv am Ortsgeschehen in unserer Kommune mit, indem wir bei besonderen Festen, Feierlichkeiten und Jubil\u00e4en, sowie bei kirchlichen Veranstaltungen teilnehmen.<\/p>\n\n\n\n<p>Ebenso organisieren wir ehrenamtlich selbst Veranstaltungen, die den Zusammenhalt in der Gemeinde f\u00f6rdern, wie z.B. durch verschiedene Konzerte und Nikolausfeiern und Ausfl\u00fcgen, an denen auch Nichtmitglieder teilnehmen k\u00f6nnen.<\/p>\n\n\n\n<p>Einen Teil der Spendeneinnahmen aus Konzerten und Nikolausfeiern dient auch dazu Projekte in unserer Gemeinde zu unterst\u00fctzen.<\/p>\n\n\n\n<p>Die Einnahmen aus Beitr\u00e4gen der passiven, als auch aktiven Mitglieder reichen aber nicht aus um unsere Ausgaben wie z.B. Chorleiterhonorar, Versicherungen, Beitr\u00e4ge zu decken.<\/p>\n\n\n\n<p>Daher sind wir grunds\u00e4tzlich auch auf Spenden angewiesen, damit wir am Jahresende keinen Fehlbetrag bilanzieren m\u00fcssen.<\/p>\n\n\n\n<p>\u201eWir spenden euch Gesang, Geselligkeit, Fr\u00f6hlichkeit\u201c<\/p>\n\n\n\n<p>Auch Sie haben die M\u00f6glichkeit uns mit einer Spende an folgendes Konto zu unterst\u00fctzen:&nbsp;&nbsp;<\/p>\n\n\n\n<p><strong>Zahlungsempf\u00e4nger:<\/strong><\/p>\n\n\n\n<p>Gemeinde Mossautal<\/p>\n\n\n\n<p>Sparkasse Odenwaldkreis<\/p>\n\n\n\n<p>Konto: DE46 508 519 52 000 0002006<\/p>\n\n\n\n<p>Verwendungszweck: Spende Chorgemeinschaft<\/p>\n\n\n\n<p>Sie erhalten automatisch eine Spendenbescheinigung, die Sie steuerlich gelten machen k\u00f6nnen.<\/p>\n","protected":false},"excerpt":{"rendered":"<p>Spenden an den Verein Wir wirken aktiv am Ortsgeschehen in unserer Kommune mit, indem wir bei besonderen Festen, Feierlichkeiten und Jubil\u00e4en, sowie bei kirchlichen Veranstaltungen teilnehmen. Ebenso organisieren wir ehrenamtlich&#8230; <a class=\"read-more-link\" href=\"http:\/\/cg-mossautal.de\/?page_id=520\">Read more &raquo;<\/a><\/p>\n","protected":false},"author":1,"featured_media":0,"parent":0,"menu_order":0,"comment_status":"closed","ping_status":"closed","template":"","meta":{"footnotes":""},"class_list":["post-520","page","type-page","status-publish","hentry"],"_links":{"self":[{"href":"http:\/\/cg-mossautal.de\/index.php?rest_route=\/wp\/v2\/pages\/520","targetHints":{"allow":["GET"]}}],"collection":[{"href":"http:\/\/cg-mossautal.de\/index.php?rest_route=\/wp\/v2\/pages"}],"about":[{"href":"http:\/\/cg-mossautal.de\/index.php?rest_route=\/wp\/v2\/types\/page"}],"author":[{"embeddable":true,"href":"http:\/\/cg-mossautal.de\/index.php?rest_route=\/wp\/v2\/users\/1"}],"replies":[{"embeddable":true,"href":"http:\/\/cg-mossautal.de\/index.php?rest_route=%2Fwp%2Fv2%2Fcomments&post=520"}],"version-history":[{"count":1,"href":"http:\/\/cg-mossautal.de\/index.php?rest_route=\/wp\/v2\/pages\/520\/revisions"}],"predecessor-version":[{"id":521,"href":"http:\/\/cg-mossautal.de\/index.php?rest_route=\/wp\/v2\/pages\/520\/revisions\/521"}],"wp:attachment":[{"href":"http:\/\/cg-mossautal.de\/index.php?rest_route=%2Fwp%2Fv2%2Fmedia&parent=520"}],"curies":[{"name":"wp","href":"https:\/\/api.w.org\/{rel}","templated":true}]}}